{"id":1533,"date":"2020-06-26T14:18:35","date_gmt":"2020-06-26T12:18:35","guid":{"rendered":"http:\/\/akademia-przedszkolaka.net.pl\/nowy-sacz\/wp-content\/uploads\/sites\/3\/2020\/06\/pszcz\u00f3\u0142ki.jpg"},"modified":"2020-06-26T14:18:35","modified_gmt":"2020-06-26T12:18:35","slug":"pszczolki-4","status":"inherit","type":"attachment","link":"http:\/\/akademia-przedszkolaka.net.pl\/nowy-sacz\/2020\/06\/26\/witamy-wakacje\/pszczolki-4\/","title":{"rendered":"pszcz\u00f3\u0142ki"},"author":2,"comment_status":"closed","ping_status":"closed","template":"","meta":[],"description":{"rendered":"<p class=\"attachment\"><a href='http:\/\/akademia-przedszkolaka.net.pl\/nowy-sacz\/wp-content\/uploads\/sites\/3\/2020\/06\/pszcz\u00f3\u0142ki.jpg'><img width=\"300\" height=\"225\" src=\"http:\/\/akademia-przedszkolaka.net.pl\/nowy-sacz\/wp-content\/uploads\/sites\/3\/2020\/06\/pszcz\u00f3\u0142ki-300x225.jpg\" class=\"attachment-medium size-medium\" alt=\"\" decoding=\"async\" loading=\"lazy\" srcset=\"http:\/\/akademia-przedszkolaka.net.pl\/nowy-sacz\/wp-content\/uploads\/sites\/3\/2020\/06\/pszcz\u00f3\u0142ki-300x225.jpg 300w, http:\/\/akademia-przedszkolaka.net.pl\/nowy-sacz\/wp-content\/uploads\/sites\/3\/2020\/06\/pszcz\u00f3\u0142ki.jpg 480w\" sizes=\"(max-width: 300px) 100vw, 300px\" \/><\/a><\/p>\n"},"caption":{"rendered":""},"alt_text":"","media_type":"image","mime_type":"image\/jpeg","media_details":{"width":480,"height":360,"file":"2020\/06\/pszcz\u00f3\u0142ki.jpg","sizes":{"medium":{"file":"pszcz\u00f3\u0142ki-300x225.jpg","width":300,"height":225,"mime_type":"image\/jpeg","source_url":"http:\/\/akademia-przedszkolaka.net.pl\/nowy-sacz\/wp-content\/uploads\/sites\/3\/2020\/06\/pszcz\u00f3\u0142ki-300x225.jpg"},"thumbnail":{"file":"pszcz\u00f3\u0142ki-150x150.jpg","width":150,"height":150,"mime_type":"image\/jpeg","source_url":"http:\/\/akademia-przedszkolaka.net.pl\/nowy-sacz\/wp-content\/uploads\/sites\/3\/2020\/06\/pszcz\u00f3\u0142ki-150x150.jpg"},"post-thumbnail":{"file":"pszcz\u00f3\u0142ki-320x216.jpg","width":320,"height":216,"mime_type":"image\/jpeg","source_url":"http:\/\/akademia-przedszkolaka.net.pl\/nowy-sacz\/wp-content\/uploads\/sites\/3\/2020\/06\/pszcz\u00f3\u0142ki-320x216.jpg"},"kids-education-gallery-section-small":{"file":"pszcz\u00f3\u0142ki-300x300.jpg","width":300,"height":300,"mime_type":"image\/jpeg","source_url":"http:\/\/akademia-przedszkolaka.net.pl\/nowy-sacz\/wp-content\/uploads\/sites\/3\/2020\/06\/pszcz\u00f3\u0142ki-300x300.jpg"},"kids-education-related-posts-image":{"file":"pszcz\u00f3\u0142ki-400x200.jpg","width":400,"height":200,"mime_type":"image\/jpeg","source_url":"http:\/\/akademia-przedszkolaka.net.pl\/nowy-sacz\/wp-content\/uploads\/sites\/3\/2020\/06\/pszcz\u00f3\u0142ki-400x200.jpg"},"kids-education-blog-images":{"file":"pszcz\u00f3\u0142ki-175x230.jpg","width":175,"height":230,"mime_type":"image\/jpeg","source_url":"http:\/\/akademia-przedszkolaka.net.pl\/nowy-sacz\/wp-content\/uploads\/sites\/3\/2020\/06\/pszcz\u00f3\u0142ki-175x230.jpg"},"kids-education-archive-search-image":{"file":"pszcz\u00f3\u0142ki-350x265.jpg","width":350,"height":265,"mime_type":"image\/jpeg","source_url":"http:\/\/akademia-przedszkolaka.net.pl\/nowy-sacz\/wp-content\/uploads\/sites\/3\/2020\/06\/pszcz\u00f3\u0142ki-350x265.jpg"},"full":{"file":"pszcz\u00f3\u0142ki.jpg","width":480,"height":360,"mime_type":"image\/jpeg","source_url":"http:\/\/akademia-przedszkolaka.net.pl\/nowy-sacz\/wp-content\/uploads\/sites\/3\/2020\/06\/pszcz\u00f3\u0142ki.jpg"}},"image_meta":{"aperture":"0","credit":"","camera":"","caption":"","created_timestamp":"0","copyright":"","focal_length":"0","iso":"0","shutter_speed":"0","title":"","orientation":"0","keywords":[]}},"post":1512,"source_url":"http:\/\/akademia-przedszkolaka.net.pl\/nowy-sacz\/wp-content\/uploads\/sites\/3\/2020\/06\/pszcz\u00f3\u0142ki.jpg","_links":{"self":[{"href":"http:\/\/akademia-przedszkolaka.net.pl\/nowy-sacz\/wp-json\/wp\/v2\/media\/1533"}],"collection":[{"href":"http:\/\/akademia-przedszkolaka.net.pl\/nowy-sacz\/wp-json\/wp\/v2\/media"}],"about":[{"href":"http:\/\/akademia-przedszkolaka.net.pl\/nowy-sacz\/wp-json\/wp\/v2\/types\/attachment"}],"author":[{"embeddable":true,"href":"http:\/\/akademia-przedszkolaka.net.pl\/nowy-sacz\/wp-json\/wp\/v2\/users\/2"}],"replies":[{"embeddable":true,"href":"http:\/\/akademia-przedszkolaka.net.pl\/nowy-sacz\/wp-json\/wp\/v2\/comments?post=1533"}]}}

http://akademia-przedszkolaka.net.pl/nowy-sacz/wp-content/uploads/sites/3/2020/06/pszczółki.jpg

pszczółki

<p class="attachment"><a href='http://akademia-przedszkolaka.net.pl/nowy-sacz/wp-content/uploads/sites/3/2020/06/pszczółki.jpg'><img width="300" height="225" src="http://akademia-przedszkolaka.net.pl/nowy-sacz/wp-content/uploads/sites/3/2020/06/pszczółki-300x225.jpg" class="attachment-medium size-medium" alt="" decoding="async" loading="lazy" srcset="http://akademia-przedszkolaka.net.pl/nowy-sacz/wp-content/uploads/sites/3/2020/06/pszczółki-300x225.jpg 300w, http://akademia-przedszkolaka.net.pl/nowy-sacz/wp-content/uploads/sites/3/2020/06/pszczółki.jpg 480w" sizes="(max-width: 300px) 100vw, 300px" /></a></p>

2020/06/pszczółki.jpg

pszczółki-300x225.jpg

http://akademia-przedszkolaka.net.pl/nowy-sacz/wp-content/uploads/sites/3/2020/06/pszczółki-300x225.jpg

pszczółki-150x150.jpg

http://akademia-przedszkolaka.net.pl/nowy-sacz/wp-content/uploads/sites/3/2020/06/pszczółki-150x150.jpg

pszczółki-320x216.jpg

http://akademia-przedszkolaka.net.pl/nowy-sacz/wp-content/uploads/sites/3/2020/06/pszczółki-320x216.jpg

pszczółki-300x300.jpg

http://akademia-przedszkolaka.net.pl/nowy-sacz/wp-content/uploads/sites/3/2020/06/pszczółki-300x300.jpg

pszczółki-400x200.jpg

http://akademia-przedszkolaka.net.pl/nowy-sacz/wp-content/uploads/sites/3/2020/06/pszczółki-400x200.jpg

pszczółki-175x230.jpg

http://akademia-przedszkolaka.net.pl/nowy-sacz/wp-content/uploads/sites/3/2020/06/pszczółki-175x230.jpg

pszczółki-350x265.jpg

http://akademia-przedszkolaka.net.pl/nowy-sacz/wp-content/uploads/sites/3/2020/06/pszczółki-350x265.jpg

pszczółki.jpg
